of f(-44)?
1
Let v(l) = -l**3 + 6*l**2 + 6*l - 31. Let q be v(6). Suppose u = q*c - 2388, 5*c - c + 2*u = 1902. What is the hundreds digit of c?
4
Let o = 13189 + -2757. What is the ten thousands digit of o?
1
Let t(m) = m**3 - 7*m**2 + 5*m + 5. Let w be t(6). Let u = w - -5. Suppose f - 8 = 2*s, -2*s + 32 = u*f + 3*s. What is the units digit of f?
8
Suppose -1808175 = -72*n + 311721. What is the ten thousands digit of n?
2
Let a(v) = 1180*v - 314. Let d be a(8). Suppose -354*z = -360*z + d. What is the hundreds digit of z?
5
Suppose -j = -5*j - 3968. Let b be (-1)/((-2)/(j - 2)). Let z = -344 - b. What is the units digit of z?
3
Let m(p) = -2*p**2 + 13*p + 5. Let z be m(7). Let w = z - -6. Suppose 2 = w*a + 18, -3*k + 62 = 4*a. What is the units digit of k?
6
Let g(z) be the first derivative of -z**3/3 + 2*z**2 + 35*z + 1. Let c be g(8). Suppose 170 = 3*d + 4*u - 37, c*u = 9. What is the tens digit of d?
6
Let d(h) = -44*h - 1080. What is the thousands digit of d(-82)?
2
Let p = -10345 + 11024. What is the hundreds digit of p?
6
Let t = 34547 - 18224. What is the tens digit of t?
2
Let g = 199 - 175. Suppose 4*o - 36 = 5*a - 8, -3*o = 3*a - 48. Suppose -4*b = 4*n - g, 3*b + b - o = 0. What is the units digit of n?
3
Let m(y) = 459*y**2 + 25*y - 15. What is the tens digit of m(1)?
6
Let o(l) = -l**2 - 21*l - 34. Let q be o(-19). Suppose b - 2571 = -q*s, 4*s - 3160 = -4*b - 592. What is the hundreds digit of s?
6
Let h(f) = 2*f + 13 + 0*f + f - f. Let g be h(-8). What is the hundreds digit of g*(113/(-3) + 4)?
1
What is the tens digit of (0 + 1)*(-21 + 5)*2663/(-4)?
5
Let n(p) = -p**3 - 10*p**2 - 2*p - 17. Let k be n(-10). Suppose 0 = -4*v + 2*c + 5506, k*v + c - 2093 - 2024 = 0. What is the units digit of v?
4
Suppose 11*r + 2454 = 5*r. Let y = r + 580. Let j = y - 10. What is the tens digit of j?
6
What is the thousands digit of (-12)/78 - (143487/(-39) + -4)?
3
Let z(v) be the third derivative of 3*v**4/2 + 2*v**3 + 2*v**2 + 95. What is the tens digit of z(5)?
9
Let p(l) = -3*l - 7. Let z(g) = 4*g - 15. Let n(r) = 8*r - 31. Let b(q) = 2*n(q) - 5*z(q). Let u be b(8). What is the tens digit of p(u)?
5
What is the hundreds digit of (-74801)/(-10) - -15*(-14)/2100?
4
Suppose 25 = -5*r, -3*a - 4*r = -0*a + 5. What is the tens digit of 658 + a*2/(-5)?
5
Let v(t) = 24*t**3. Let y = 38 + -32. Suppose -y + 5 = -p. What is the units digit of v(p)?
4
What is the hundreds digit of 74394/15 + 399/285?
9
What is the thousands digit of 1 + 76045/10 + (-53)/(-106)?
7
Let c = -718 + 770. Let h = 1497 + c. What is the thousands digit of h?
1
Let b = -6 - -1723. Suppose b + 83 = 4*p. What is the units digit of p?
0
Suppose -3*k - 5*h + 270 = -8*k, h + 99 = -2*k. What is the units digit of (-1 + 742)*(-34)/k?
4
Let s = -1984 - -27307. What is the ten thousands digit of s?
2
Suppose -8*f + 3*o = 15277, -2*f + 0*o + 2*o = 3818. What is the tens digit of (f/8)/((-21)/84)?
5
What is the tens digit of 4/8*(-10 - 372400)/(-5)?
4
Suppose 0 = -5*j - 25, -8*j + 6*j = -4*k + 290. Suppose 0 = -4*s - 4*u + 80, 2*s = -s - u + k. What is the units digit of 6 - 145/s - 859/(-5)?
2
Let g(z) be the second derivative of -z**4/12 + 79*z**3/6 - 73*z**2 + 109*z. What is the tens digit of g(45)?
8
Suppose 3*v - 32649 = 4*u - 7*u, 5*u + v - 54443 = 0. What is the thousands digit of u?
0
Let w(h) = 12*h**3 + 5*h**2 - 3*h - 3. Let u be w(3). Suppose -y = x - 314 - u, -2659 = -4*y + x. What is the hundreds digit of y?
6
Let g(a) be the third derivative of a**4/4 + 85*a**3/6 + 55*a**2 + a. What is the hundreds digit of g(21)?
2
Let w(t) = -t**3 - 107*t**2 + 308*t - 511. What is the hundreds digit of w(-110)?
9
Let d = -21 - -21. Suppose -p - 2 = d, 13*i - 4*p + 732 = 15*i. What is the tens digit of i?
7
Let q be 3/(-12) + 29139/44. Suppose 5*r - 1133 - q = 0. What is the units digit of r?
9
Suppose 484*d = 474*d + 160912 + 101898. What is the thousands digit of d?
6
Suppose -5*q + 340 - 315 = 0. Let h(f) = f**3 - 4*f**2 + 15*f + 13. What is the units digit of h(q)?
3
Let i(f) = 41*f**3 + 11*f**2 - 29*f + 37. What is the thousands digit of i(7)?
4
Suppose 7*l - 536 - 311 = 0. Let h = l + -117. What is the units digit of h + (5 - 33)*5/(-2)?
4
Let o(z) = -37*z - 60. Suppose 5*w = -3*y - 43 - 22, 3*y + 55 = -4*w. What is the units digit of o(w)?
0
Suppose -4*y = 2*k - 57834, -5*y - 20389 = 3*k - 107138. What is the hundreds digit of k?
9
What is the thousands digit of 1818 + 4 + 6 + -2?
1
Let q(h) = h + 13. Let f be q(-6). Suppose 8 = f*s - 3*s. Suppose 2*w - 146 = 4*a, 5*w - 278 = s*a + 127. What is the units digit of w?
3
What is the thousands digit of (-21)/(-15) + 25523538/705?
6
Suppose -4*h - 65 = -5*r, h = -3*r + 35 - 13. Suppose -41*y - 144 = -35*y. What is the units digit of ((-48)/r)/(-8)*(0 - y)?
6
Suppose 0 = x + 7*x - 192749 - 20819. What is the ten thousands digit of x?
2
Suppose -2*z = -4*f - 3*z + 569, 10 = 2*z. Suppose -600 = 3*w - 7*w - 2*d, -w = 5*d - f. What is the units digit of w?
1
What is the tens digit of (1 - 1697*7)/(-8*10/80)?
7
Let d(l) = -132*l + 709. What is the units digit of d(-117)?
3
Let r(g) = -g**3 - 6*g**2 + g + 9. Let a be r(-6). Suppose a*h = 1 + 11. Suppose 2*l - 522 = -h*l. What is the units digit of l?
7
Let y(r) = 3*r**2 + r - 13. Suppose u + 5 = 6*u. Suppose a + 32 = 5*p, -a - 13 = -p - u. What is the tens digit of y(a)?
2
Suppose 0 = 25*p - 26*p - 5*s + 9134, 0 = 2*p + 3*s - 18296. What is the hundreds digit of p?
1
Let j(o) = -20*o**3 - 5*o**2 - 5*o - 6. Let z be j(3). Let i = z - -924. What is the tens digit of i?
1
Suppose -32*p = -0*p + 1152. Let f be (0 - 2/(-2)) + 7. What is the units digit of (-116 + 0)/(3/(p/f))?
4
Let h = 27207 - -14770. What is the thousands digit of h?
1
Suppose -3*y = 6, -15*d + 3*y - 14194 = -17*d. What is the tens digit of d?
0
Let m be (-60)/(-35) - (-2)/7. Suppose m*a = 501 + 123. What is the tens digit of a?
1
Suppose -4*v - 5802 + 31840 = -2*k, 0 = 4*v - 3*k - 26039. What is the units digit of v?
9
Let f be ((-2372)/(-3))/4 + (-4)/6. Suppose -w + f + 411 = 0. What is the tens digit of w?
0
Let x = 2142 + -712. What is the thousands digit of x?
1
Let i(q) = -20*q**3 + 2*q**2 + 2*q - 2. Let w be i(2). Let l = w - -337. What is the hundreds digit of l?
1
Let c(k) = 4*k**2 + 51*k - 4. Let r be c(-13). What is the tens digit of 412192/288 + (-2)/r?
3
Let a(c) = -c**3 - c**2 - c + 72. Let r be (-1)/(-5) - (-6)/(-30). Suppose r = -3*m + 1 - 1. What is the tens digit of a(m)?
7
Let i be 3/6 - (-811)/2. Let u = -214 + 219. Suppose -2*y + i = u*d + 76, 108 = 2*d - 4*y. What is the tens digit of d?
6
Suppose 5*c - 3*g + 9 = 34, -g - 15 = -5*c. Suppose 0 = 5*z - c*t - 131, -103 = 14*z - 18*z + t. What is the tens digit of z?
2
Suppose 0*p + 5*p - 10 = 0. Let k be 1/1 - (0 - p). Suppose 655 = k*s + 43. What is the hundreds digit of s?
2
Let o be (1*-36)/1 - 0. Let c be (10 - 162/(-12))*4. Let t = c + o. What is the units digit of t?
8
What is the units digit of (-143390)/(-15) + (0 - (-24)/9)?
2
Let c(f) = 864*f - 1155. What is the units digit of c(15)?
5
Suppose -5*c - 52*i = -56*i - 60819, i = -c + 12153. What is the tens digit of c?
5
Let t(l) = -4*l - 33. Let k be t(-10). Suppose -k*q = 4*q. Suppose 3*d - 159 - 396 = q. What is the tens digit of d?
8
Let b be 20/(-4) - -4 - -9. Let g(m) = 54*m + 52. What is the tens digit of g(b)?
8
Let f(k) be the second derivative of 43*k**3/2 + 45*k**2/2 - 102*k. What is the tens digit of f(4)?
6
Suppose 529223 = 21*k + 199880. What is the units digit of k?
3
Let u(d) = -100*d**2 - 18*d + 10. Let n(r) = 103*r**2 + 17*r - 9. Let z(k) = 5*n(k) + 4*u(k). What is the tens digit of z(2)?
8
Suppose -4*o = 4*t - 668, 7*o + 2*t = 3*o + 678. Let x = o - 393. What is the units digit of 1*(-3 + 5) - x?
3
Suppose -113*g - 247020 = -182*g. What is the thousands digit of g?
3
Let k = 7297 + 66688. What is the tens digit of k?
8
Suppose 2*t - 10 = -0. Let y be 216 + 289 + (3 - -1). Suppose 0 = 2*a - 3*w - y, -t*a = w + w - 1301. What is the hundreds digit of a?
2
Let p be 2882 + 0 + (11 - 13). Suppose -j = 7*j - p. Suppose 4*u = 2*r - 5*r + j, 467 = 4*r + u. What is the units digit of r?
6
Let o = 69 + -65. Let p be 1590/(-20)*o/(-6). Suppose -3 - p = -v. What is the units digit of v?
6
Suppos